 4. Give j(k).
7
Suppose 16 = 3*x + 2*k, 3*x - 6*x - 4*k + 20 = 0. Suppose -3*s - 3 = -x*s. Suppose 0 = s*g + 6. Let d(t) = 6*t + 2. What is d(g)?
-10
Let n(w) be the first derivative of -w**2/2 - 12*w + 2. What is n(-5)?
-7
Let b(n) = n + 14*n - 17*n + 5*n + 39 + 37. Give b(-25).
1
Let w(g) = -g**2 - 7*g - 10. Let y be ((-14)/4)/(11/22). Calculate w(y).
-10
Let v(u) = -12*u - 6*u - 3 + 4. Suppose -124*a = -117*a - 7. Give v(a).
-17
Let q(p) be the third derivative of p**7/2520 + p**6/180 - p**5/24 - p**4/4 + 10*p**2. Let c(j) be the second derivative of q(j). Give c(-6).
7
Suppose -2 = 4*n + 2. Let b = -72 + 77. Let z(k) = -35 + 71 - 37 - k**2 - 2*k + b*k**3. Give z(n).
-5
Let t(g) = g**2 - 8*g + 1. Let s be (-4)/(36/(-345)) - 8/(-12). Suppose 0 = 3*m + 12, 5*c + 0*c - m - s = 0. Give t(c).
-6
Let g(d) = -d**2 - 15*d + 4. Let z be g(-15). Suppose -16 = -2*y + z*y - 4*o, -o = -2. Let t(m) = -m**2 - 5*m - 3. What is t(y)?
1
Let u(k) = 5*k**3 - 3*k**2 + 3*k - 5. Let j(o) = -2*o**3 - 2*o**2 + o + 3. Let d(y) = -2*j(y) - u(y). Determine d(4).
27
Let k = 12 + 40. Let p(u) = -k + 17 + 16 + 14 + u. Calculate p(5).
0
Let s(w) = 2*w**2 - 2*w + 3. Let l(x) = x**2 + 1. Let p(q) = -4*l(q) + s(q). Let g be ((-6)/6)/((-2)/(-2)). Let n be p(g). Let d(h) = -h**3 + 1. Determine d(n).
2
Let t = -147 - -155. Let l(y) = -4*y - 5. Determine l(t).
-37
Let v(q) = 8*q + q**2 - q + 5 + 0*q**2. Let g be (-110)/(-88)*1*-4. What is v(g)?
-5
Let u(h) = 4*h**2 - 10*h - 7. Let x(v) = v**2 + v - 1. Let a(p) = u(p) - 3*x(p). Determine a(12).
-16
Let d = 121 + -108. Suppose 15 = -d*s + 10*s. Let u(x) = -5 - 3*x + 4*x - 4*x. Calculate u(s).
10
Suppose 0*d + 3*d = 5*x - 3, x + 5 = 2*d. Suppose r + r - x*p = -26, 4*p = 2*r + 30. Let m(n) = -n**2 - 8*n + 1. Give m(r).
8
Let a(d) = 112988 - 10*d - 112988. Give a(1).
-10
Let r(o) = -3*o**2 + 27*o + 91. Let l(p) = p**2 - 9*p - 30. Let c(b) = -11*l(b) - 4*r(b). Determine c(12).
2
Suppose -4*c + 0 + 6 = 2*f, 3*c = -3*f. Suppose 3*x - 6 = 0, -5*i - 4*x + 10 = -9*x. Let r(o) = i*o + o - 4*o. What is r(f)?
-3
Let s(i) = -i + 14. Suppose 5*d = 2*d + 2*d. Calculate s(d).
14
Let m be ((-33)/22)/((-3)/4). Let i(x) = -3 + 2 + m*x - 4*x. Calculate i(-2).
3
Suppose 11 = -f + 10. Let v(d) = 5*d + 3. Let m(k) = -k - 1. Let t(n) = f*v(n) - 6*m(n). Calculate t(-3).
0
Suppose 3*f - 3*h = 14 + 10, 4*h = 3*f - 29. Let a(v) = -2 + f + 0 + 2*v + 4*v. Give a(1).
7
Suppose 0 = -9*s + 8*s - 2. Let d(o) be the first derivative of -o**5/60 + o**4/8 + o**3/6 + o**2 + 2. Let j(a) be the second derivative of d(a). What is j(s)?
-9
Let p(q) be the first derivative of -7*q**2/2 + 10*q - 173. Calculate p(5).
-25
Let v(w) = 4*w**2 - w + 2. Suppose 41*x = 43*x + 14. Let h be (x/((-343)/(-28)))/((-2)/7). What is v(h)?
16
Suppose 0 = l - 19 + 12. Let j(n) = n**3 - 8*n**2 + 5*n - 2. What is j(l)?
-16
Let s(v) = 5*v**3 - 2*v**2 + 10*v - 7. Let w(x) = x**3 + 2*x - 1. Let a(z) = -s(z) + 4*w(z). Let g be (-2)/9 + (-130)/(-18). Let k = -5 + g. Determine a(k).
-1
Suppose 43*u = 46*u - 27. Suppose 2*j = -j - u. Let n(d) = -d**2 - 5*d + 3. Determine n(j).
9
Suppose w + 2*z + 1 = 3*z, -19 = -5*w - z. Suppose -j - 4*d = -1, w = 2*j - 5*d + 1. Let y(r) = 6*r**3 - r**2 - r + 1. Give y(j).
5
Let p = -187 - -192. Let g(t) = t**3 - 7*t**2 + 8*t + 2. What is g(p)?
-8
Let k(t) = -t**3 - 14*t**2 + 11. Suppose 187*r - 168 = 199*r. What is k(r)?
11
Suppose 5 = s, -c + 3*s = 4 + 18. Let i(y) = 4 - 1538*y + 3 + 1539*y + 2*y**2 + 1 - y**3 - 9*y**2. Determine i(c).
1
Let a(v) = v + 9. Let k(q) be the second derivative of q**3/6 + 2*q**2 - 2*q. Let b(j) = -3*a(j) + 5*k(j). Let g be 18/2 + -5 + 1. What is b(g)?
3
Let n(x) be the second derivative of -56*x - 5/2*x**2 + 0 - 1/12*x**4 - 7/6*x**3. Suppose -d = -4*d - 15. Determine n(d).
5
Let f(h) = -h - 6. Let t(o) = -2*o - 3. Let v(l) = 5*f(l) - 3*t(l). Give v(19).
-2
Let s(t) = -t**3 - 4*t**2 - 2*t - 1. Let j = 225 + -229. Give s(j).
7
Suppose 0 = -4*w + 12. Let j(z) = -4*z + 1. What is j(w)?
-11
Let x be 4/5 - (2856/(-35))/(-12). Let v(s) = s**3 + 6*s**2 - s + 8. Determine v(x).
14
Let r(g) = g**3 + 5*g**2 - 2*g - 4. Suppose -4*n - 129 = -21. Let b = n - -21. Let p = 1 + b. Calculate r(p).
6
Let y(u) = -u**2 - 42*u + 226. Let h be y(-47). Let s(i) = 2*i + 6. What is s(h)?
-12
Let w(t) = 5 - 5*t**2 - 37*t**3 + 9 + 36*t**3 + 2*t - 1 - 3. Calculate w(-5).
0
Let g(q) be the first derivative of -q**3/3 - 7*q**2/2 + 14*q - 17. Let o(f) = f**2 + 7*f - 13. Let y(l) = 6*g(l) + 7*o(l). Calculate y(-6).
-13
Let g(u) = 2*u**3 - 2*u**2. Suppose 2*l + 11 + 5 = 0. Let b(m) = 7*m + 58. Let d be b(l). Calculate g(d).
8
Let q(z) = z**3 + 3*z**2 + 5*z + 2. Let b(a) = -a**2 - 17*a - 4. Let i be b(-17). Let n be 12/(-2)*i/(-8). What is q(n)?
-13
Let s(b) = b**2 + 5*b - 3. Suppose -24*r + 21*r = -27. Let p be ((-3)/(6/(-8)))/((-6)/r). Determine s(p).
3
Suppose -5*t = -0*t + 25. Let g = 2 - 11. Let u = t - g. Let d(p) = p**3 - 4*p**2 + 5. What is d(u)?
5
Let k(g) = -g - 69. Let n(u) = -38. Let z(i) = -4*k(i) + 7*n(i). What is z(-8)?
-22
Let r(c) be the second derivative of -c**5/60 + c**4/6 - 2*c**3/3 + 5*c**2 - 6*c. Let l(s) be the first derivative of r(s). Give l(5).
-9
Suppose 2*x = -2*p + 5 + 9, -x + 22 = 4*p. Let i(j) = j + 4*j - 2*j + 2*j + x. Calculate i(3).
17
Let a(q) = 6*q**2 + q**3 - q**2 + 1 + 34*q - 29*q - 5 + 2. Calculate a(-3).
1
Let j = 2047 + -2048. Suppose 0 = -o + 2. Let k(z) = z**2 - z**2 - 1 - 5*z**o. What is k(j)?
-6
Let q(d) = -d**3 - d**2 + d + 1. Let y(c) = -4*c**3 + 8*c**2 + 4*c - 7. Let g = -2 + 1. Let z(p) = g*y(p) + 3*q(p). Calculate z(11).
-1
Suppose 3*p = -9 - 3. Let v(a) = 21*a + 21*a - 70*a + 29*a + 6. Calculate v(p).
2
Suppose -k - 5*l = 15, -4*k = -k - 5*l - 15. Let b(z) be the second derivative of -z**4/12 - z**3/6 + 5*z**2/2 + 368*z. What is b(k)?
5
Let n be ((-1)/4)/((-85)/1700). Let u(m) = m - 3. Give u(n).
2
Suppose -3*t - 23 = 3*q - 2*t, 4*q - 4*t + 52 = 0. Let n be q/3 - (0 + -5). Let z be (-11 - -3 - 0) + n. Let v(w) = w**3 + 7*w**2 + 8*w + 2. Give v(z).
-10
Let b(v) = -46*v**2 - 5 + 47*v**2 - 28*v + 31*v. Determine b(-3).
-5
Suppose j + 2*j = 12. Let k(t) = -j*t + 0*t + 9 + 7*t. What is k(-6)?
-9
Let w(l) = -5*l + 1. Let b(a) = 9*a - 2. Suppose -2*o = -o + 4, -29 = 3*g - o. Let n(z) = g*w(z) - 6*b(z). Suppose 0 - 12 = -4*c. Give n(c).
4
Suppose -2*u + 5 - 1 = 0. Let m(n) = 7*n**2 - 3. Let l(s) = -36*s**2 + 16. Let b(a) = 3*l(a) + 16*m(a). Give b(u).
16
Let b(f) be the third derivative of -f**8/20160 + f**7/1008 - f**6/240 - f**5/60 - 20*f**2. Let a(t) be the third derivative of b(t). Calculate a(3).
3
Let t be -7*4/(2/6 + -5). Let g(v) = -v + v + 8 - v. Calculate g(t).
2
Let g(k) be the first derivative of 5*k**4/2 - 2*k**3/3 + k**2 - k + 238. Determine g(1).
9
Let o(m) = m**3 + m - 1. Let n(r) = 7*r**3 + 10*r**2 + 17*r - 3. Let d(a) = n(a) - 6*o(a). Give d(-9).
-15
Let h = 45 + -46. Let r be (-9)/54 - h*70/(-12). Let i(s) = s**2 + 6*s + 8. Determine i(r).
8
Suppose -10*k - 74*k = -12*k. Let g(j) = 2*j + 13. Let m(y) = -y - 7. Let d(i) = 6*g(i) + 13*m(i). Give d(k).
-13
Suppose -3*i + 0*h + 6 = -4*h, -12 = -4*i + 4*h. Suppose -3*r - p = i, 2*r - 5*p + 3*p + 12 = 0. Let a(t) = t + 7. What is a(r)?
4
Let m(t) be the third derivative of t**5/60 + t**4/6 - t**3/2 + 4*t**2. Let j be (3/(-6) - -3)*2. Suppose -5*u - 3*c = 36, -28 = 2*u + u + j*c. Give m(u).
9
Let q(c) = 2*c + 1. Let k be (-2 + 1)*8 + 0. Let a(m) = -4 + m - 8*m**2 + 18688*m**3 - 18689*m**3 - m. Let n be a(k). Determine q(n).
-7
Let v(y) = -y**2 - y - 1. Let p(h) = -6*h**2 - 2*h - 8. Let n(b) = -p(b) + 5*v(b). Calculate n(4).
7
Let c(i) = 2*i + 13*i**2 - 5*i**3 - 2 + 12*i**2 - 27*i**2 + 1 - i**3. Let w be 3/5 + 2/5. Determine c(w).
-7
Let o(j) = -j**3 - 55 + 32 - 6*j**2 - j + 26. Determine o(-5).
-17
Let m(n) = -3*n**2 - 3*n + 2. Let l(j) = -2*j**2 - 1. Let v(q) = -2*l(q) + m(q). Calculate v(-4).
32
Let c be 4 + -8 - 1 - 2. Let y(f) be the first derivative of f**2 + 10*f + 2. Determine y(c).
-4
Let i(f) be the second derivative of f**3/6 + 5*f**2 - f. Let y be 4 + (2 - -3) - (6 - 2). Suppose 5*c + y = 4*x, 3*x = -0*c + 3*c. What is i(x)?
5
Let k = 27 - 19. Let o = k - 9. Let i be (-7 - -2)*(2 + o). Let a(f) = -f**2 - 7*f - 7. Determine a(i).
3
Let z be 1/2*(-1 -